{"id":139522,"date":"2025-02-10T16:41:18","date_gmt":"2025-02-10T21:41:18","guid":{"rendered":"https:\/\/depquebec.com\/wp-content\/uploads\/2025\/02\/jean-denis-garon-une.jpg"},"modified":"2025-02-10T16:42:26","modified_gmt":"2025-02-10T21:42:26","slug":"jean-denis-garon-une-2","status":"inherit","type":"attachment","link":"https:\/\/depquebec.com\/zh-hans\/jean-denis-garon-une-2\/","title":{"rendered":"jean-denis-garon-une"},"author":13,"featured_media":0,"comment_status":"open","ping_status":"closed","template":"","meta":[],"class_list":["post-139522","attachment","type-attachment","status-inherit","hentry"],"aioseo_notices":[],"jetpack_sharing_enabled":true,"description":{"rendered":"<p class=\"attachment\"><a href='https:\/\/depquebec.com\/wp-content\/uploads\/2025\/02\/jean-denis-garon-une.jpg'><img decoding=\"async\" width=\"800\" height=\"445\" src=\"https:\/\/depquebec.com\/wp-content\/uploads\/2025\/02\/jean-denis-garon-une.jpg\" class=\"attachment-medium size-medium\" alt=\"jean-denis Garon, bloc qu\u00e9b\u00e9cois\" srcset=\"https:\/\/depquebec.com\/wp-content\/uploads\/2025\/02\/jean-denis-garon-une.jpg 800w, https:\/\/depquebec.com\/wp-content\/uploads\/2025\/02\/jean-denis-garon-une-768x427.jpg 768w, https:\/\/depquebec.com\/wp-content\/uploads\/2025\/02\/jean-denis-garon-une-600x334.jpg 600w\" sizes=\"(max-width: 800px) 100vw, 800px\" \/><\/a><\/p>\n"},"caption":{"rendered":"<p>Le d\u00e9put\u00e9 Garon veut plafonner les frais de cartes de cr\u00e9dit pour les d\u00e9taillants<\/p>\n"},"alt_text":"jean-denis Garon, bloc qu\u00e9b\u00e9cois","media_type":"image","mime_type":"image\/jpeg","media_details":{"width":800,"height":445,"file":"2025\/02\/jean-denis-garon-une.jpg","filesize":59150,"sizes":{"medium_large":{"file":"jean-denis-garon-une-768x427.jpg","width":768,"height":427,"filesize":55467,"mime_type":"image\/jpeg","source_url":"https:\/\/depquebec.com\/wp-content\/uploads\/2025\/02\/jean-denis-garon-une-768x427.jpg"},"colormag-highlighted-post":{"file":"jean-denis-garon-une-392x272.jpg","width":392,"height":272,"filesize":23653,"mime_type":"image\/jpeg","source_url":"https:\/\/depquebec.com\/wp-content\/uploads\/2025\/02\/jean-denis-garon-une-392x272.jpg"},"colormag-featured-post-medium":{"file":"jean-denis-garon-une-390x205.jpg","width":390,"height":205,"filesize":19887,"mime_type":"image\/jpeg","source_url":"https:\/\/depquebec.com\/wp-content\/uploads\/2025\/02\/jean-denis-garon-une-390x205.jpg"},"colormag-featured-post-small":{"file":"jean-denis-garon-une-130x90.jpg","width":130,"height":90,"filesize":4792,"mime_type":"image\/jpeg","source_url":"https:\/\/depquebec.com\/wp-content\/uploads\/2025\/02\/jean-denis-garon-une-130x90.jpg"},"colormag-default-news":{"file":"jean-denis-garon-une-150x150.jpg","width":150,"height":150,"filesize":6684,"mime_type":"image\/jpeg","source_url":"https:\/\/depquebec.com\/wp-content\/uploads\/2025\/02\/jean-denis-garon-une-150x150.jpg"},"woocommerce_thumbnail":{"file":"jean-denis-garon-une-300x300.jpg","width":300,"height":300,"filesize":18378,"mime_type":"image\/jpeg","source_url":"https:\/\/depquebec.com\/wp-content\/uploads\/2025\/02\/jean-denis-garon-une-300x300.jpg"},"woocommerce_single":{"file":"jean-denis-garon-une-600x334.jpg","width":600,"height":334,"filesize":38458,"mime_type":"image\/jpeg","source_url":"https:\/\/depquebec.com\/wp-content\/uploads\/2025\/02\/jean-denis-garon-une-600x334.jpg"},"woocommerce_gallery_thumbnail":{"file":"jean-denis-garon-une-100x100.jpg","width":100,"height":100,"filesize":3926,"mime_type":"image\/jpeg","source_url":"https:\/\/depquebec.com\/wp-content\/uploads\/2025\/02\/jean-denis-garon-une-100x100.jpg"},"full":{"file":"jean-denis-garon-une.jpg","width":800,"height":445,"mime_type":"image\/jpeg","source_url":"https:\/\/depquebec.com\/wp-content\/uploads\/2025\/02\/jean-denis-garon-une.jpg"}},"image_meta":{"aperture":"0","credit":"","camera":"","caption":"","created_timestamp":"0","copyright":"","focal_length":"0","iso":"0","shutter_speed":"0","title":"","orientation":"0","keywords":[]}},"post":null,"source_url":"https:\/\/depquebec.com\/wp-content\/uploads\/2025\/02\/jean-denis-garon-une.jpg","_links":{"self":[{"href":"https:\/\/depquebec.com\/zh-hans\/wp-json\/wp\/v2\/media\/139522","targetHints":{"allow":["GET"]}}],"collection":[{"href":"https:\/\/depquebec.com\/zh-hans\/wp-json\/wp\/v2\/media"}],"about":[{"href":"https:\/\/depquebec.com\/zh-hans\/wp-json\/wp\/v2\/types\/attachment"}],"author":[{"embeddable":true,"href":"https:\/\/depquebec.com\/zh-hans\/wp-json\/wp\/v2\/users\/13"}],"replies":[{"embeddable":true,"href":"https:\/\/depquebec.com\/zh-hans\/wp-json\/wp\/v2\/comments?post=139522"}]}}

<p class="attachment"><a href='https://depquebec.com/wp-content/uploads/2025/02/jean-denis-garon-une.jpg'><img decoding="async" width="800" height="445" src="https://depquebec.com/wp-content/uploads/2025/02/jean-denis-garon-une.jpg" class="attachment-medium size-medium" alt="jean-denis Garon, bloc québécois" srcset="https://depquebec.com/wp-content/uploads/2025/02/jean-denis-garon-une.jpg 800w, https://depquebec.com/wp-content/uploads/2025/02/jean-denis-garon-une-768x427.jpg 768w, https://depquebec.com/wp-content/uploads/2025/02/jean-denis-garon-une-600x334.jpg 600w" sizes="(max-width: 800px) 100vw, 800px" /></a></p>

<p>Le député Garon veut plafonner les frais de cartes de crédit pour les détaillants</p>

jean-denis Garon, bloc québécois
